{"version":"1.0","type":"rich","provider_name":"\u003Cspan class=\"caps\"\u003EAIM\u003C\/span\u003E-\u003Cspan class=\"caps\"\u003EIMA\u003C\/span\u003E","provider_url":"https:\/\/aim-ima.be","title":"T\u00e9l\u00e9consultations pendant la pand\u00e9mie de \u003Cspan class=\"caps\"\u003ECOVID\u003C\/span\u003E-19","author_name":"Didier Willaert, \nHerv\u00e9 Avalosse, \nJohan Vanoverloop, \nJ\u00e9r\u00f4me Vrancken","width":"480","height":"295","url":"https:\/\/ima-aim.be\/Teleconsultations-pendant-la","html":"\u003Ch4 class='title'\u003E\u003Ca href='https:\/\/ima-aim.be\/Teleconsultations-pendant-la'\u003ET\u00e9l\u00e9consultations pendant la pand\u00e9mie de \u003Cspan class=\"caps\"\u003ECOVID\u003C\/span\u003E-19\u003C\/a\u003E\u003C\/h4\u003E\u003Cblockquote class='spip'\u003ELe 18\u00a0mars 2020, la Belgique est entr\u00e9e en confinement afin de limiter la propagation du coronavirus. Afin d\u2019aider les m\u00e9decins \u00e0 faire le tri des patients atteints du coronavirus et de garantir la continuit\u00e9 de soins, les consultations \u00e0 distance ont vu le jour. L\u2019Agence Intermutualiste (\u003Cspan class=\"caps\"\u003EAIM\u003C\/span\u003E) a men\u00e9 une \u00e9tude portant sur le profil des prestataires de soins et des patients ayant eu recours \u00e0 la t\u00e9l\u00e9consultation en 2020.\u003C\/blockquote\u003E\n"}

Téléconsultations pendant la pandémie de <span class="caps">COVID</span>-19

Didier Willaert, 
Hervé Avalosse, 
Johan Vanoverloop, 
Jérôme Vrancken

<h4 class='title'><a href='https://ima-aim.be/Teleconsultations-pendant-la'>Téléconsultations pendant la pandémie de <span class="caps">COVID</span>-19</a></h4><blockquote class='spip'>Le 18 mars 2020, la Belgique est entrée en confinement afin de limiter la propagation du coronavirus. Afin d’aider les médecins à faire le tri des patients atteints du coronavirus et de garantir la continuité de soins, les consultations à distance ont vu le jour. L’Agence Intermutualiste (<span class="caps">AIM</span>) a mené une étude portant sur le profil des prestataires de soins et des patients ayant eu recours à la téléconsultation en 2020.</blockquote>
